 composite number?
True
Let k = -113820 + 176789. Is k composite?
False
Let r be (-162)/(-12) + 3/(-2). Let x(c) = -c + 2. Let b be x(r). Let t(p) = -p**3 - 11*p**2 - 12*p - 13. Is t(b) composite?
False
Let p be 1/(-3)*(-14 - 1). Is 8 + (-20)/p - -117 prime?
False
Let y(h) = 8*h - 31. Let g be y(7). Is 10/(-4)*(-9655)/g*2 a composite number?
False
Let o be 16/(-40) - 2664/(-10). Suppose -5*j = 3*t - o - 90, -2*j = -3*t + 370. Is t a prime number?
False
Suppose -5*p + u = 50, -2*p - 30 = p - 4*u. Let b = p + 12. Suppose w - 1872 = -b*v - 3*v, -w + 3*v = -1832. Is w prime?
True
Suppose -2*a + 3 = -d - 4, 5*a - 40 = -2*d. Let k = -9 + a. Is (2/k)/((-2)/111) prime?
True
Suppose 9447 = 15*t - 47448. Is t composite?
False
Suppose 0 = -4*o + 2*o. Suppose 10 = -f + 6*f + 5*u, -5*f - 3*u + 18 = o. Suppose -261 = -9*t + f*t. Is t a prime number?
False
Suppose 702 + 1062 = 14*q. Let n = q + -57. Is n prime?
False
Let k(h) = 7*h**2 + 16*h + 3. Is k(16) prime?
False
Let r(i) = 8*i**2 - 13*i + 1. Suppose -6*y = -2*y - 24. Is r(y) a composite number?
False
Let l(d) be the third derivative of 38*d**4/3 - 29*d**3/6 - 7*d**2. Is l(9) a prime number?
True
Suppose -3*s = 8*s - 13684. Is (-1)/((-4)/(-26) - s/7748) composite?
False
Suppose 4*l + d - 16 + 0 = 0, 0 = 4*l + 3*d - 16. Suppose x + l*x - 35 = 0. Suppose q = -x*y + 2*y + 39, -3*y = -4*q + 133. Is q a prime number?
False
Suppose 5*f = 3*z + 11, -29 = -3*z - 8*f + 3*f. Suppose -4*g + 3*a + 6484 = 0, z*g + 2*a - 4863 = -0*a. Is g a composite number?
False
Suppose -4*u - 6300 = -5*k - 0*k, 1600 = -u - 5*k. Let j be u/(-6) - (-6)/9. Is 2/10 + j/5 a prime number?
True
Let q be 3372/(-10)*(-840)/(-36). Is (-29)/(-145) + q/(-10) a composite number?
False
Let b(a) = a**3 - 11*a**2 + 4*a + 3. Let m be 2 - 35 - 0/(-3). Let y be 4/(-12)*(0 + m). Is b(y) composite?
False
Let k = -13 + -3. Let i = -10 - k. Is 1660/(-6)*i/(-4) a prime number?
False
Suppose l + 0*l - 142 = 0. Suppose -2008 + l = -6*z. Is z prime?
True
Let c(z) = z**3 + 2*z**2 - 16*z - 6. Is c(5) a prime number?
True
Let r = 31 + -26. Suppose -r*w + 257 = -4*w. Is w prime?
True
Suppose -z = -4*z - 39. Let b = z + 16. Is b - 1 - (-1 + -358) a prime number?
False
Let u be (55 + 1)*2/4. Suppose 0 = 27*f - 29*f + u. Is f prime?
False
Let w = 222 - 95. Let l = -44 + w. Is l a prime number?
True
Is ((-143)/22 + 7)*162862 composite?
True
Let t(n) = -6*n**3 + 7*n**2 - 36*n + 27. Let s(p) = 3*p**3 - 3*p**2 + 18*p - 13. Let r(x) = 9*s(x) + 4*t(x). Is r(7) composite?
True
Let n(y) = -21 + 13 - 128*y + 13. Is n(-4) prime?
False
Let j = 22815 + -7174. Is j a composite number?
False
Let s = 7670 - 4561. Is s a prime number?
True
Let n be (68/10)/(2/(-10)). Let o be 21318/(-380) - (-1)/10. Let a = n - o. Is a composite?
True
Is 14*-15017*26/(-52) a composite number?
True
Let k(f) = 959*f**2 - 4*f - 7. Is k(-4) composite?
True
Let d(w) be the second derivative of w**5/20 - w**4/2 + 5*w**3/6 + 5*w**2/2 + w. Is d(7) prime?
True
Let w be (-20)/8*18/(-5). Suppose -3*g = -g + 3*c + w, 2*c + 7 = -g. Suppose g*o = x + 563, -3*o + 2*x = 2*o - 939. Is o a prime number?
False
Let l(u) be the first derivative of 32*u**3/3 + u**2/2 + 2*u - 10. Is l(-1) a prime number?
False
Suppose -2*l = -3*l. Suppose -4*q + f + 23 = 0, -3*q - f = 2*f - 21. Suppose p - q*p + 95 = l. Is p a composite number?
False
Is 14456 + (108/20 - (-20)/(-50)) composite?
False
Let q(p) = p + 2. Let x be q(13). Suppose 0*c - 6 = 2*h - 3*c, 5*h - c + x = 0. Is (h + 2)/(3/(-483)) prime?
False
Let f(w) = -w**2 - 11*w + 2. Suppose -5*u - 4*r - 50 = -3, 21 = -u + 5*r. Let i be f(u). Suppose -3*m = -c + 147 - i, -m = 0. Is c prime?
False
Let j = 2051 - 72. Suppose 0*s = 2*s + 5*k - 779, j = 5*s + 2*k. Is s composite?
False
Suppose -3*u + 2983 = -3347. Let o(b) = -b**3 - 7*b**2 - b - 1. Let v be o(-7). Suppose u = v*d - d. Is d a prime number?
False
Suppose 0 = -6*x - 3002 + 18020. Is x a composite number?
False
Is 1/(-4)*-28 + 294 composite?
True
Let a(p) = p**2 + 6*p + 8. Let j be a(-13). Let b = -59 + j. Let t = b + 49. Is t prime?
True
Let w be (13/3)/(2/6). Suppose 0 = c - 4, 2*c = -x + 6*c - w. Is x a composite number?
False
Suppose -10 = 4*f - 34. Suppose -t + f = -3*t. Is (-2)/4*654/t prime?
True
Suppose 26*b = 21*b + 38585. Is b a composite number?
False
Let r be (8 + -8)*2*(-1)/4. Suppose -o + 143 = -4*l, o - 5*l = -r*l + 138. Is o a composite number?
False
Let b(v) = 2*v**2 - 25*v - 5. Let x be b(13). Is (9868/x)/(2/4) a prime number?
True
Suppose 2*j - 4*c = -2*j + 32, 0 = -3*j + 2*c + 19. Suppose j*d - 6*d + 1905 = 0. Is d prime?
False
Let q(a) = -4*a**3 - 4*a - 1. Let z = -36 - -30. Is q(z) prime?
True
Suppose -3*w + 2*l + 3 = 10, -2*w - 2*l + 2 = 0. Let i(u) = 17*u**2 + 2*u - 1. Let d be i(-6). Is (d + w)/(2/1) a composite number?
True
Let q(j) = j**2 + 4*j - 6. Let m be -1 + -2 - (4 - 12). Suppose s + m = -1. Is q(s) a prime number?
False
Let f be 0/((-6 - (-5 - -2)) + 2). Suppose f = 2*k - 797 - 777. Is k prime?
True
Let n be 2140/(-25)*(-310)/4 - -2. Suppose -3*c + 1700 = 4*w - 3263, -n = -4*c + 4*w. Is c a prime number?
True
Let c = -2 - -3. Let k be (-4)/(c*(-3 - -5)). Is (k - 6/(-4))*-398 composite?
False
Let a = 46 + -89. Let t = a - -162. Is t a composite number?
True
Let m(u) = -21 + 27*u + 31*u + 18*u. Is m(8) a composite number?
False
Let w be (4/(-10))/(1/5). Let y = 4 + w. Suppose -3*z + 137 = y*d, -4*z + 0*d = -3*d - 211. Is z a prime number?
False
Let s be 8/(-20) - (10832/20 - -2). Let k = s - -951. Is k a prime number?
False
Suppose -2 = -t - 0. Suppose -1491 = -3*v + a + 1144, 0 = -t*v + 4*a + 1750. Is v a composite number?
True
Let l(q) = 4*q**2 + q - 1. Let w be l(1). Suppose -j + 625 = g, 4*g + w*j = -g + 3122. Suppose 0 = -0*c - c + 4*m + 619, c - g = 3*m. Is c a composite number?
False
Suppose -474*i + 61738 = -472*i. Is i composite?
False
Let h be (-79)/2*(5 - 27). Suppose -4*t + h = -767. Is t a prime number?
True
Let y = -37 - -9. Let f be 6/(-14) - 208/y. Suppose f*n - 3*n = 12. Is n composite?
False
Let x = -334 + 819. Is x a prime number?
False
Let f(x) = -x**3 + 5*x**2 - 2*x - 4. Let i be f(4). Suppose 3*a - 55 = i*v, -4*v = -2*a + 21 + 29. Let b(n) = 3*n**2 + 6*n - 7. Is b(v) composite?
False
Let a(d) = 3*d - 6. Let y be a(5). Suppose 5*s + n - 6*n = -15, -n + y = 2*s. Is (-1401)/s*28/(-42) composite?
False
Let b be -1 - (8/(-2) + -17). Suppose 0*u - b = -2*u - 4*p, -2*p + 4 = -2*u. Is 6*u/6 + 35 prime?
True
Suppose 3*r + 188 = 4*k - 7407, 9502 = 5*k - r. Is k composite?
False
Suppose 0 = 4*t - 4 - 12. Suppose t*g = 6*g + 116. Let u = -21 - g. Is u composite?
False
Let w(r) be the second derivative of 9*r**5/10 - 5*r**4/12 - r**3/3 + r**2 - 4*r. Is w(3) composite?
True
Suppose 2*u = -4*o + 7*o - 54, -5*u - 54 = -3*o. Suppose m - 10 = o. Let i = m - 15. Is i a composite number?
False
Suppose d = 2*a - 10258, -3*a + 1821 = 3*d - 13566. Is a composite?
True
Let p = -209 - -303. Let s = 4 - -23. Suppose d = -s + p. Is d a composite number?
False
Let v(j) = 115*j**2 + 12*j - 3. Let m be v(2). Let t = m - 216. Is t composite?
True
Let l(x) = -690*x + 11. Is l(-2) prime?
False
Let a = -12 + 17. Is (-48928)/(-20) + (-2)/a a composite number?
True
Let j(i) = 63*i**2 + 2*i + 1. Suppose 3*a + 17 = -z, z - 1 = 4*z - a. Is j(z) composite?
True
Let s = -66 + 42. Let x = -24 - s. Suppose x*n = -n + 53. Is n a prime number?
True
Suppose -5*s - 36 = 19. Let f(j) = -j**3 - 7*j**2 + 14*j - 13. Is f(s) a composite number?
False
Suppose -2*h - w = 2*h - 40, 0 = h - w - 15. Let u = 14 + h. Is u a prime number?
False
Let p = -9 + 9. Suppose p = -2*m - 0*m + 2518. Is m a composite number?
False
Let g(w) = w**3 + 26*w**2 + 28*w - 64. Is g(-19) prime?
True
Suppose 0 = x, b + 0*x + 15 = 4*x. Let k = b - -20. Is k/(10/8) + 483 a composite number?
False
Let n be (-2)/7 - 2494/(-203). Suppose 377 = 2*h + 3*d - n, 3*h - d = 556. Is h prime?
False
Suppose 4*s - 2*f = 2*f + 4, 12 = 4*s + 4*f. Suppose -s*h + 3 = -5, 8 = 5*n - 3*h. Suppose 3*j - 483 = 4*l - 140, l = -n. Is j a prime number?
True
Suppose -5*d = 3*o - 19, -4*o - d + 4*d - 23 = 0. Is ((-158)/(-3))/(o + (-176)/(-87)) composite?
True
Let l be (-1 + 7 + -1)/1. Let y be -6 + l - 6/(-2). Suppose -5*p + 909 = y*j, -2*j + p + 0*p = -891. Is j prim